ens digit of f?
0
Let q = -2046 - -3014. What is the hundreds digit of q?
9
Suppose 0 = 5*d - 0*d - 205. Suppose 5*x = d - 11. What is the tens digit of 260/x + 6/9?
4
Suppose 6*a - 56 = 2*a. Suppose -2*b - 4 = a. Let c = 10 + b. What is the units digit of c?
1
Let d = -4 + 241. What is the tens digit of d?
3
Suppose -12*y - 3*w = -14*y + 6299, -y - 5*w + 3182 = 0. What is the units digit of y?
7
What is the tens digit of ((-51)/(-9) - -2)*(-10 + 97)?
6
What is the tens digit of (-42010)/((-120)/(-12))*-1?
0
Suppose 0 = 72*i - 82*i + 1480. What is the units digit of i?
8
Let d(o) = o - 3. Let u be d(12). Let r = u + 1. What is the tens digit of r?
1
Let n = 0 - -3. Let i be (-26)/6 + 1/n. What is the units digit of (-216)/(-22) + i/(-22)?
0
Suppose 4*p = k - 18, 3*p + 11 - 35 = -3*k. Suppose 922 = 8*s + k. What is the units digit of s?
4
Suppose 3*h - 2087 = 2*h + 2*m, h - 2087 = 5*m. What is the tens digit of h?
8
Let a(u) = u + 8. What is the units digit of a(1)?
9
Suppose b + 0*d + 11 = 3*d, b - 4*d = -15. Suppose 0 = -t + b, t = -2*m + 6*t + 5. Suppose -m*z + 35 = p, 2*p - 10 = 4*p. What is the units digit of z?
8
What is the tens digit of 63*(1 - 420/(-18))?
3
Suppose -10*p = -2*p + 16. What is the units digit of 5/5 - (-3 + (p - 74))?
0
Let u(y) = 2*y**2 - 11*y - 2. Let g be 16/4 - -34 - 3. Suppose 6*m - g - 1 = 0. What is the units digit of u(m)?
4
Suppose -17 = -5*r + p + 5, -5*p + 10 = -r. Suppose -f = 5*g + r, -g = f + g - 1. Suppose -3*t - 2*o = -o - 138, -5*o + 220 = f*t. What is the units digit of t?
7
Suppose -18*j = 14949 - 58689. What is the thousands digit of j?
2
Let r = 50 - 55. Let j(d) = -d**3 - 4*d**2 - d + 12. What is the units digit of j(r)?
2
Let v = 3280 + -2231. What is the hundreds digit of v?
0
Suppose 0 = c + 471 - 707. What is the units digit of c?
6
Let r(s) = -4*s - 19. Let o be r(-6). Suppose 0*t + 97 = 4*t - o*v, 3*t - 64 = -5*v. Suppose -t - 2 = -5*l. What is the units digit of l?
5
Let u(k) = 5*k + 27 - 26*k - 27. Let q be u(-8). Suppose 101 = 3*r + 4*l, r - 5*r + 3*l = -q. What is the units digit of r?
9
Let d(z) = 9*z**2 - 17*z - 32. What is the tens digit of d(-22)?
9
Let a = 0 - 0. What is the tens digit of -3 - a - -4 - -71?
7
Suppose -88 = -2*g - 2*g. Suppose -243 = 19*z - g*z. What is the units digit of z?
1
Let o(v) = -4*v - 3. Let l be o(1). Let m(c) = -5*c + 12. What is the units digit of m(l)?
7
Suppose 3 = -7*y + 4*y. Let m(q) = 41*q**2 + 12*q**2 - 2*q - q - 3. What is the tens digit of m(y)?
5
Let b(r) = r**2 - 3*r + 101. What is the hundreds digit of b(26)?
6
Suppose -438 = 5*p - 11*p. Suppose -p = w + 22. Let a = -52 - w. What is the units digit of a?
3
Let k = 127 - 125. Suppose k*b + c = 453, 17 = -5*b + 5*c + 1187. What is the units digit of b?
9
Suppose 5*u + i = 4*u, 0 = -3*u + i - 20. Let w = u - -140. What is the tens digit of w?
3
Suppose 4*d - 5*d + 4 = 0. Suppose -5*q - 403 = -3*a, a + 4*q - 78 - 28 = 0. Suppose 0*t - a = -2*z - d*t, -3*z - 4*t = -195. What is the units digit of z?
9
Suppose -3*f + 2004 = o, -o = -5*f + 438 + 2910. What is the tens digit of f?
6
What is the hundreds digit of 2 - -555 - (-5 + 6 + 3)?
5
Suppose 0 = -5*r - 5*r + 110. Suppose -r*y + 7*y = -76. What is the units digit of y?
9
Let n be 2/3*99/6. Let d(q) = q**3 + 10*q**2 - 6*q + 11. Let s(a) = -2*a**3 - 9*a**2 + 6*a - 12. Let p(z) = 3*d(z) + 2*s(z). What is the units digit of p(n)?
4
Let h be (-6)/(1/((-2)/4)). Suppose -h*s - 3*s + 210 = 0. What is the tens digit of s?
3
What is the hundreds digit of (-5)/(-6) - (-58487)/66?
8
Suppose 0 = -4*n - o + 33, 2*n + 2*o = 3*n + 3. What is the units digit of 5 + n - (1 - 3)?
4
Suppose 4*z - 335 = 97. Let r = z + 61. What is the tens digit of r?
6
Let t = -1756 + 3012. What is the hundreds digit of t?
2
Let j = -201 + 317. Suppose -p = p - j. What is the tens digit of p?
5
Let y(n) = -3*n**2 + 2*n. Let v be y(-1). Let b be v/3*(-2 - -5). Let k = 23 + b. What is the tens digit of k?
1
Suppose 5*f + 4*d = 75, 1 = 2*f - 4*d - 1. Suppose -k + 4*n = -f, -7*k - 4*n = -3*k - 4. Suppose 0 = k*r - 7*r + 132. What is the tens digit of r?
3
Let x be (-12 - -8)*(-302)/8. Suppose -o + 2*o - x = -2*l, -l - 2*o = -74. Let r = -49 + l. What is the units digit of r?
7
Let d = -54 + 17. Suppose 5*a + 2*b - 276 = a, -2*a + 5*b = -138. Let q = d + a. What is the units digit of q?
2
Suppose 12*u + 423 = 1791. Suppose -2*s = -7*s - 330. Let h = s + u. What is the tens digit of h?
4
Suppose -10 + 6 = -2*n. Suppose -4*x + 2*q = -94, n*q = -x - 3*x + 114. What is the tens digit of x?
2
Let s = 11 - 7. Let k be (1 + 10 + 1)/1. Suppose s*d - 68 = -4*f, f = 2*f - 4*d - k. What is the tens digit of f?
1
Let c(g) = -2*g + g**3 - 6*g - 5*g**2 - 3*g - 4. Let t be c(8). Suppose t = w + 4*w. What is the tens digit of w?
2
Let j = 138 - -65. Suppose 3*w - 215 = -2*q + 158, 0 = q - 4*w - j. What is the hundreds digit of q?
1
Let n = 1625 + 148. What is the thousands digit of n?
1
Suppose 0 = -5*p + 2*b + 537, b = p - 53 - 52. Suppose x - p = -2*j - 2*j, 0 = 5*x + 15. What is the units digit of j?
8
Let w(s) be the second derivative of -7*s**3/2 - 7*s**2/2 + 7*s. Let r be w(-4). Suppose -r = -5*a + 88. What is the tens digit of a?
3
What is the hundreds digit of (-1174*18/12)/(6/(-2))?
5
Suppose -9*l - 30654 = -27*l. What is the tens digit of l?
0
Suppose -3*h = -r - 227, 5*r - 174 = h - 3*h. Let y = h + 43. What is the hundreds digit of y?
1
Let k = 1558 + 926. What is the units digit of k?
4
Suppose 7 = 4*p + w, -6 = -2*p - 4*w + 6*w. What is the units digit of 2 - ((-1 - 115) + p)?
6
Let v = 15 - 2. Let w = v + -22. What is the tens digit of (-254)/w - (-16)/(-72)?
2
Suppose 36*f - 31*f - 3050 = 0. What is the hundreds digit of f?
6
Let t = 1271 - 887. What is the hundreds digit of t?
3
Let m be -33 + 34 + (-2)/(1*-2). Let c(l) = l**2 - l + 4. Let g be c(0). Suppose m*d + 32 = g*d. What is the tens digit of d?
1
Suppose l + 75 = 5*l + 3*o, -5*o = -5. Let y = l - 10. Let d = 10 + y. What is the tens digit of d?
1
Let r(z) = -z**3 - 6*z**2 + 2. Let f be r(-6). Let t(d) = 3*d - 4. Let q be t(f). What is the units digit of 31 + (8 - (2 + q))?
5
Let y = 100 - 44. Let p = -23 + y. What is the units digit of p?
3
Suppose -3*h = 3*p - 2*h - 22, h - 34 = -5*p. Let n(u) = u**3 - 6*u**2 + 5*u - 6. Let d be n(p). Suppose 2*m - 3*m = -d. What is the units digit of m?
4
Let d = -878 + 1169. What is the hundreds digit of d?
2
Let j(a) = -a**2 - 7*a + 3. Let u be j(-7). Suppose -u*q + 41 = c, 2*q - 5*c = q + 3. Suppose -l = -q - 11. What is the units digit of l?
4
Suppose -15*m + 155 = -10*m. What is the units digit of m?
1
Let u(t) = -t**3 + t**2 - 2. Let m be u(2). Let q = m - -6. Suppose 8 = 2*x - 4*v, x = 5*v - q*v - 11. What is the tens digit of x?
1
Let f(d) = d**2 + 30*d + 65. Let g be f(-34). Suppose -197 = -w - 2*y, w + 0*w = -y + g. What is the hundreds digit of w?
2
Suppose 12*i - 8*i - 16 = 0. Suppose 0 = i*s - 317 - 195. What is the tens digit of s?
2
Let v = 15 + -105. What is the tens digit of (3 + 29)/4*v/(-4)?
8
Suppose -1697 = -4*o + 2*t + 9345, -2*t - 13801 = -5*o. What is the tens digit of o?
5
Suppose 14*l - 10*l - 16194 = 6*b, -l + 4061 = b. What is the thousands digit of l?
4
Let a be (-2 - (1630 - 0))*(-92)/(-6). What is the hundreds digit of 3/(-5) - a/115?
2
Suppose -5*x + 3*k + 12205 = 0, -4*k + 20 = -8*k. What is the tens digit of x?
3
Let h = 820 + -569. What is the tens digit of h?
5
Suppose 32*z = 37*z - 1135. What is the hundreds digit of 4 + z + 1 + 3?
2
Let b = 32 + -37. Let l(r) = r**3 + 5*r**2 - 3*r - 1. What is the units digit of l(b)?
4
Suppose 12*a - 17863 - 12161 = 0. What is the units digit of a?
2
Suppose -f = -2*f + 9. Let a(k) = f*k - 11*k - 3 + 13*k + 9*k. What is the units digit of a(1)?
7
Let d = -11 + 7. Let s be (-2 - d - 3)*7. What is the tens digit of (-1)/3*(s + -32)?
1
Let r be -2 + (-9)/(18/(-20)). Suppose -r*t + 597 + 531 = 0. What is the hundreds digit of t?
1
Suppose -4*c + k = -2*c - 194, 5*k = 20. Let g = c + 45. What is the tens digit of g?
4
Suppose 8*q = 6*q + 12. Suppose 4*j = -3*c + 518, 0 = -5*c - 3*j + q*j + 902. What is the units digit of c?
8
Let i(l) = l**2 - 7*l + 10. Let k be i(6). Suppose k*a - 9 = 11. Suppose 249 = a*s + 3*f - 2*f, -s -